3
List the prime factors of ((-16 - -15)/(-1))/(2/10684).
2, 2671
Let s(m) = m**3 + 6*m**2 - 3*m + 8. Let k be s(-6). Let b = -14 + k. List the prime factors of -3 + 4/(b/129).
2, 5
List the prime factors of ((-160)/3)/(((-4)/120)/1).
2, 5
Let u(m) = 3*m**2 - 7*m - 1. Let j be u(5). Suppose -2*a = -6, 2*k = a - j + 120. List the prime factors of k.
2, 3, 7
Suppose 5*c + 9 = -2*b + 1, 20 = -3*c - 5*b. Suppose 2*a - 4*j = 482, 0*a - 3*a + 3*j + 723 = c. List the prime factors of a.
241
Let n(m) = -m**3 - 10*m**2 + 30*m + 53. What are the prime factors of n(-15)?
2, 7, 13
Suppose -l - 1 = -5*c, 5*l + 3*c + 0*c = -89. Let n be (1*-3)/(24/l). Suppose -n*a = -a - 21. List the prime factors of a.
3, 7
Let s be (-138 - (5 - 4)) + -2. Let w = s - -244. What are the prime factors of w?
103
Let x = 2647 - 1281. List the prime factors of x.
2, 683
List the prime factors of 1*(201 - 2) - (-9)/(-9).
2, 3, 11
Suppose 5*t - 2*i = 7*t - 448, 200 = t - 5*i. List the prime factors of t.
2, 5, 11
List the prime factors of (-14)/(-77) + 11988/11.
2, 5, 109
Let s(f) = -f**2 - f. Let j(p) = -3*p**2 + 6*p + 3*p**2 + 1 + 4*p**2. Let d(l) = j(l) + 3*s(l). List the prime factors of d(-6).
19
Let u = 978 - 461. What are the prime factors of u?
11, 47
Suppose -x = -0*x - 99. Let c = x - 46. Suppose -3*h + 2*h + 2*j = -c, 5 = j. What are the prime factors of h?
3, 7
Let b(o) be the second derivative of -o**5/20 - 7*o**4/12 + 5*o**3/6 + 3*o**2/2 + 2*o. Suppose 2*r = -4*a, -4*a = -r - 0*a - 24. List the prime factors of b(r).
3
Let p be 2/(-12) + (-78)/(-36). Suppose p*f = -2*f + 4. Suppose -o = -43 - f. List the prime factors of o.
2, 11
Let m(h) = 790*h**2 + 2*h. Let c be m(1). Let p = -492 + c. What are the prime factors of p?
2, 3, 5
Let o = -19 - -37. Let r be 4/10*(o - 3). Suppose 0 = k - 4 - r. List the prime factors of k.
2, 5
Let h(b) = 9*b**2 - 9*b + 12. Let a(o) = 5*o**2 - 5*o + 6. Let g(m) = 11*a(m) - 6*h(m). Let t be g(-3). What are the prime factors of 76/t*(-21)/(-14)?
19
Let x = 718 - 440. List the prime factors of x.
2, 139
What are the prime factors of (17*-2*1)/(8/(-208))?
2, 13, 17
Suppose 5*b + 2*c = 12337, -3*b + 7415 = 22*c - 24*c. List the prime factors of b.
3, 823
Suppose 2*n + n - 1386 = 5*q, -4*n - 3*q = -1877. What are the prime factors of n?
467
Let n(o) = o**3 + 3*o**2 - 4*o + 3. Let p be n(-4). Suppose -p*t + 50 = 2*t. Let s(d) = -d**2 + 12*d + 13. List the prime factors of s(t).
3, 11
Suppose -b - 10*c + 2619 = -6*c, 5*b = 4*c + 13071. What are the prime factors of b?
5, 523
Let d = 5 + -17. Let x(i) = -i**3 - 11*i**2 + 8*i - 16. What are the prime factors of x(d)?
2
Suppose 3*z = -5*f + 4*z + 2366, -3*f + z = -1418. Suppose -5*p + f - 164 = 0. List the prime factors of p.
2, 31
Suppose 2*i + 3*z = -133, -136 = 2*i - 4*z - 24. What are the prime factors of (1*i)/(-1) + -1?
61
Suppose 31*w - 29*w = 280. List the prime factors of w.
2, 5, 7
Suppose 0 = -s + 11 - 15. List the prime factors of (-6)/s*536/12.
67
Suppose 19*m + 2398 = 30*m. List the prime factors of m.
2, 109
Suppose -23*r + 17130 = -26087. List the prime factors of r.
1879
Let a(n) = n**3 + 17*n**2 + 15*n - 14. What are the prime factors of a(-15)?
211
Suppose 14*m = 41*m - 21330. List the prime factors of m.
2, 5, 79
Let o(i) = -6*i + 54 - 7 + 4. What are the prime factors of o(-15)?
3, 47
Let i = -714 - -1521. List the prime factors of i.
3, 269
Suppose -6680 - 2043 = -11*d. List the prime factors of d.
13, 61
Suppose 2005 - 26029 = -28*u. List the prime factors of u.
2, 3, 11, 13
Let q(z) = 4*z**2 - z + 2. Let l be (6 + -8)/(4/(-58)). Let m = l + -32. What are the prime factors of q(m)?
41
Let a(y) = 3*y**2 - 4*y - 62. List the prime factors of a(11).
257
Let m = -44 - -46. Suppose -m*q - 1071 = -9*q. What are the prime factors of q?
3, 17
Suppose 0 = 5*t + 5*c + 740, -5*t - 2*c - 600 = -t. Suppose p - 15 = -3. List the prime factors of p/(-8)*t/6.
2, 19
Suppose 4*r + 33 = 257. Suppose 4*y = -5*o + 246 - 0, -4*o + r = y. List the prime factors of y.
2
Suppose -4*k + 8412 = 3*i, -4*i + 6*k - 10*k = -11212. List the prime factors of i.
2, 5, 7
Suppose 92 = -4*n + 660. Let t = -32 + 110. Suppose t + n = 5*m. List the prime factors of m.
2, 11
Suppose 5*c - 8712 = 3*l, -5*l + 2344 - 7568 = -3*c. What are the prime factors of c?
3, 7, 83
Let w(a) = a**3 + 26*a**2 + 27*a + 13. What are the prime factors of w(-23)?
11, 89
What are the prime factors of (-12 - -7) + 0 - -429?
2, 53
Suppose -4*x - 3*o + 4*o + 556 = 0, 16 = -4*o. Suppose x = r + r. List the prime factors of r.
3, 23
Let s = -15 + 17. Suppose 5*n - 5*c - 13 - s = 0, n - 4*c = -3. Suppose n*u - 70 = 65. List the prime factors of u.
3
Suppose g - 5*n - 3556 = 0, -14132 = -49*g + 45*g - 3*n. List the prime factors of g.
2, 13, 17
Let j be (-15)/10 - 217/(-2). Suppose -j = -2*x - 5. List the prime factors of x.
3, 17
Let g(k) = 3*k**2 + k - 1. Let x(a) = -1. Let h(c) = g(c) - x(c). List the prime factors of h(-3).
2, 3
Let b(f) = 2*f**2 - 2*f - 10. Let s be b(-5). Suppose -i + 10 = -s. What are the prime factors of i?
2, 3, 5
Suppose -406 = 5*z - 31. Let s = 9 - z. Suppose -2*l - 26 = -s. What are the prime factors of l?
29
Suppose -4*o + 15 + 71 = 3*b, 2*b + 16 = o. Let i = 46 - o. List the prime factors of i.
2, 13
Suppose 14*c + 1050 = 16*c - 4*u, -c = -4*u - 517. What are the prime factors of c?
13, 41
Let o(t) = 14*t**2 + 1. Suppose -4*y + 3 = -5. What are the prime factors of o(y)?
3, 19
Let c(z) be the third derivative of 14*z**5/15 + z**4/8 + z**3/2 + 5*z**2. Suppose 5*m = 4*m - 1. List the prime factors of c(m).
2, 7
Suppose 18*p = 22*p - 1304. List the prime factors of p.
2, 163
Suppose 2270 = 4*t + 770. What are the prime factors of t?
3, 5
Let s be ((-12)/10)/(3/(-10)). Let n be s*-2 + (-5 - -6). Let c = n + 15. What are the prime factors of c?
2
What are the prime factors of (69/4)/((-4)/(11776/(-24)))?
2, 23
What are the prime factors of (-1 - -1)/2 + (-22 - -301)?
3, 31
Let x be (-278)/(-5) - 16/(-40). Suppose m - v = x, m - 3*v - v = 41. List the prime factors of m.
61
Let h be 1727/2 - ((-15)/(-2))/5. List the prime factors of h/10 + 12/(-60).
2, 43
Let m(o) = 8*o**2 + 74*o + 1. Let y = -186 + 175. What are the prime factors of m(y)?
5, 31
Suppose 3*a + 45 = -0*a. Let r = a + 5. Let n = r + 19. What are the prime factors of n?
3
Let a be (2/4)/(5/350). Let f(j) = -2*j - 10. Let t be f(-10). Let d = t + a. What are the prime factors of d?
3, 5
Let n = -27 - -29. Suppose 0 = p + p - 2*s - 16, 0 = -4*p - 2*s + n. What are the prime factors of p?
3
Suppose 321783 = 79*d - 74876. List the prime factors of d.
5021
List the prime factors of -8 + 34*(-621)/(-18).
5, 233
Let r = 105 - -80. What are the prime factors of r?
5, 37
List the prime factors of (327/2)/(94/188).
3, 109
Let v(n) = n**2 + 14*n + 10. Let b be v(-9). Suppose -148*x = -153*x - 405. Let s = b - x. List the prime factors of s.
2, 23
Let a(q) = -q**3 - 9*q**2 - 10*q + 8. Let v(k) = 4*k**2 + 4*k. Let n(s) = -s**2 + s. Let x(g) = 4*n(g) - v(g). Let d be x(-1). List the prime factors of a(d).
2, 3
Let n(b) = -158*b + 137. What are the prime factors of n(-11)?
3, 5
Let d = 119 - 124. What are the prime factors of (4738/(-115))/((-1)/(d/(-2)))?
103
Let d(n) = n**3 + 2*n**2 + 7*n - 1. What are the prime factors of d(7)?
3, 163
Let l = -41 + 59. List the prime factors of 27*2*21/l.
3, 7
Let m = 42 - 9. What are the prime factors of 192/m + -6 - 1135/(-11)?
103
Let k = 134 + -76. Suppose m = 3*m - 64. Let v = k - m. What are the prime factors of v?
2, 13
Let v = -1 + 9. Let x be (14/v)/(5/20). Suppose 5*z - x + 40 = w, -3*w = 2*z - 48. What are the prime factors of w?
2, 3
Suppose 5*o + 3*n + 2 = 0, n - 16 = -4*o + 3*n. Let m = -1291 + 1347. Suppose -2*w - m = -o*h, h - 143 = -4*h + 2*w. What are the prime factors of h?
29
Let o be ((-2)/(-8)*4)/(1/(-2)). Let m(n) = -12*n**2 - 15*n + 11. Let x(h) = -6*h**2 - 7*h + 5. Let i(p) = 6*m(p) - 13*x(p). List the prime factors of i(o).
23
Let a = -4701 - -9148. List the prime factors of a.
4447
Let b be (3 + -2)/((-2)/(-4)). Let w be (2/6)/(4/36). Suppose -28 = -b*g - 4*m, g = w*g - 3*m - 35. What are the prime factors of g?
2
Suppose 4*n - 6*n = -318. Suppose -3*y = -0*x - x - n, -y + 4*x + 53 = 0. Suppose r = y